{"id":651,"date":"2024-04-30T19:35:51","date_gmt":"2024-04-30T19:35:51","guid":{"rendered":"https:\/\/garibaldisoloandata.it\/?page_id=651"},"modified":"2026-04-14T14:54:48","modified_gmt":"2026-04-14T14:54:48","slug":"estemporanea-2025","status":"publish","type":"page","link":"https:\/\/garibaldisoloandata.it\/index.php\/estemporanea-2025\/","title":{"rendered":"ESTEMPORANEA 2026"},"content":{"rendered":"<p><a href=\"https:\/\/garibaldisoloandata.it\/index.php\/iscriviti\/\" target=\"_blank\" rel=\"noopener\">Clicca qui per procedere alla pre-iscrizione (la quota di 20 \u20ac per la partecipazione potr\u00e0 essere versata direttamente sabato 16 maggio)<\/a><\/p>\n<p><a href=\"https:\/\/garibaldisoloandata.it\/wp-content\/uploads\/2026\/04\/BANDO2026.pdf\" target=\"_blank\" rel=\"noopener\">[Scarica il bando in versione PDF]<\/a><\/p>\n<p class=\"p1\" style=\"text-align: justify;\"><strong>Art. 1 &#8211; LA MANIFESTAZIONE<\/strong><\/p>\n<p class=\"p3\" style=\"text-align: justify;\">Il Comitato Pontino San Marco organizza la quinta edizione del Premio \u00abMontmartre- Garibaldi solo andata\u00bb, un concorso con premi per artiste e artisti, con lo scopo di promuovere e valorizzare l\u2019Arte nella piazza pi\u00f9 pittoresca della citt\u00e0 di Livorno: Piazza Garibaldi. La manifestazione si articola in due fasi: la realizzazione di un\u2019opera in estemporanea nella giornata di sabato 16 maggio e<span class=\"s5\"> la mattina di domenica 17 maggio 2026 &#8211; termine ultimo per la consegna ore 12 (<\/span>la mostra in piazza di opere significative degli artisti<span class=\"s5\"> per l\u2019intera giornata di <\/span>domenica 17 maggio con premiazione dell\u2019estemporanea alle ore 18).<\/p>\n<p class=\"p3\" style=\"text-align: justify;\">Il Tema dell\u2019estemporanea di questa V edizione \u00e8 : <strong><i>\u00ab LA ZONA ROSSA \u00bb<\/i><\/strong><\/p>\n<p class=\"p3\" style=\"text-align: justify;\"><strong>Art. 2 &#8211; CANDIDATURE<\/strong><\/p>\n<p class=\"p3\" style=\"text-align: justify;\">Il concorso \u00e8 aperto a tutte le artiste e a tutti gli artisti, di ogni nazionalit\u00e0 e senza limiti di et\u00e0, che avranno<span class=\"s8\"><span class=\"Apple-converted-space\">&nbsp; <\/span><\/span>comunicato<span class=\"s8\"><span class=\"Apple-converted-space\">&nbsp; <\/span><\/span>la<span class=\"s8\"><span class=\"Apple-converted-space\">&nbsp; <\/span><\/span>loro<span class=\"s8\"><span class=\"Apple-converted-space\">&nbsp; <\/span><\/span>adesione<span class=\"s8\"><span class=\"Apple-converted-space\">&nbsp; <\/span><\/span>entro<span class=\"s8\"><span class=\"Apple-converted-space\">&nbsp; <\/span><\/span>sabato<span class=\"s8\"><span class=\"Apple-converted-space\">&nbsp; <\/span><\/span>16<span class=\"s8\"><span class=\"Apple-converted-space\">&nbsp; <\/span><\/span>maggio<span class=\"s8\"><span class=\"Apple-converted-space\">&nbsp; <\/span><\/span>compreso,<span class=\"s8\"><span class=\"Apple-converted-space\">&nbsp; <\/span><\/span>giorno<span class=\"s8\"><span class=\"Apple-converted-space\">&nbsp; <\/span><\/span>dell\u2019 estemporanea (inizio ore 9.00). Ogni artista pu\u00f2 partecipare con una sola opera, senza specifiche limitazioni per dimensioni e tecnica utilizzata. Sono ammesse opere di grafica, illustrazione, pittura, collage, scultura e installazione anche con eventuali elementi gi\u00e0 realizzati purch\u00e9 assemblati in estemporanea nella giornata di sabato 16 maggio o la mattina di domenica 17 maggio.<\/p>\n<p class=\"p1\" style=\"text-align: justify;\"><strong>Art. 3 &#8211; TERMINI E MODALIT\u00c0<\/strong><\/p>\n<p class=\"p3\" style=\"text-align: justify;\">L\u2019iscrizione si ritiene completata con la compilazione della scheda di partecipazione online (pre-iscrizione) o la mattina dell\u2019estemporanea stessa ed il relativo versamento della quota di iscrizione direttamente al momento della vidimazione del supporto. La quota, a parziale copertura delle spese organizzative, \u00e8 fissata in <strong>\u20ac 20,00 (euro venti)<\/strong>. La quota di iscrizione non \u00e8 rimborsabile. Il pagamento della quota di iscrizione deve essere effettuato presso la Baracchina n.20 di Piazza Garibaldi al momento della vidimazione del supporto. Le opere di grafica, pittura, scultura e installazione dovranno essere realizzate in loco nel giorno di sabato 16 maggio e al pi\u00f9 tardi domenica 17 maggio mattina entro le ore 12, pena l\u2019esclusione.<\/p>\n<p class=\"p3\" style=\"text-align: justify;\">I partecipanti dovranno essere muniti, a propria cura e spese, di tutti i mezzi e le attrezzature per l\u2019esecuzione dell\u2019opera. La registrazione dei partecipanti e la vidimazione dei supporti avr\u00e0 luogo dalle ore 8.30 di sabato 16 maggio presso la Baracchina n.20 di Piazza Garibaldi a cura dell&#8217;Organizzazione. Le tele e le tavole possono essere gi\u00e0 preparate, tuttavia devono esser prive di segni a matita, disegni o abbozzi. L\u2019opera deve essere realizzata in piazza o nelle strade limitrofe (compresi gli scali).<\/p>\n<p class=\"p1\" style=\"text-align: justify;\"><strong>Art. 4 &#8211; GIURIE E ASSEGNAZIONE DEI PREMI<\/strong><\/p>\n<p class=\"p5\" style=\"text-align: justify;\">La premiazione avr\u00e0 luogo presso Piazza Garibaldi alla presenza della Commissione artistica, del Comitato, degli artisti partecipanti e del pubblico domenica 17 maggio alle ore 18.<\/p>\n<p class=\"p3\" style=\"text-align: justify;\"><strong>PREMIO D\u2019ALESIO.<\/strong> La scelta dell\u2019opera vincitrice assoluta della quinta edizione dellaestemporanea\u00abMontmartre-Garibaldisoloandata\u00bbsar\u00e0effettuatadaunaCommissione artistica per capacit\u00e0espressiva, attinenza al tema richiesto e padronanza della tecnica. L\u2019artista vincitoreassoluto si aggiudicher\u00e0 \u20ac 600,00 (seicento euro)<\/p>\n<p class=\"p3\" style=\"text-align: justify;\"><strong>PREMIO EXTRA FACTORY.<\/strong> La Commissione artistica assegner\u00e0<span class=\"s1\"> anche <\/span>il PREMIO EXTRA FACTORY che consister\u00e0 in una mostra personale presso l\u2019omonima galleria nel primo semestre del 2027.<\/p>\n<p class=\"p3\" style=\"text-align: justify;\"><strong>PREMIO PIERO MOCHI. <\/strong>La Commissione artisticaassegner\u00e0ilpremio: una Mostra personale presso lo studio Piero Mochi di Livorno tra il secondo semestre del 2026 e il primo semestre del 2027.<\/p>\n<p class=\"p3\" style=\"text-align: justify;\"><strong>PREMIO GIURIA POPOLARE.<\/strong><span class=\"s13\">I cittadini potranno esprimere la loro preferenza sulle opere in concorso nelle giornate di sabato 16 maggio e domenica 17 maggio entro le ore 17 (inserendo la apposita scheda nell\u2019 urna presso la Baracchina n. 20 di Piazza Garibaldi). <\/span><span class=\"s13\">Decreteranno cos<\/span><span class=\"s17\">\u00ec<\/span><span class=\"s13\"> l\u2019artista vincitore\/trice del Premio Giuria Popolare. <\/span><span class=\"s13\">La scheda per esser ritenuta valida dovr<\/span><span class=\"s17\">\u00e0<\/span><span class=\"s13\"> contenere chiaramente: autore preferito, nome di chi vota e contatto email di chi vota. L\u2019artista con maggior numero di preferenze della Giuria Popolare ricever<\/span><span class=\"s17\">\u00e0<\/span><span class=\"s13\"> \u20ac 200 (duecento euro);<\/span><\/p>\n<p class=\"p3\" style=\"text-align: justify;\"><strong>PREMIO FONDAZIONE LEPORI.<\/strong> Novit\u00e0 di quest\u2019anno la sezione speciale dedicata agli studenti delle scuole superiori di secondo grado con tre buoni acquisto da 150\u20ac-100\u20ac-50\u20ac (bando specifico) Le decisioni della Commissione artistica sono inappellabili e insindacabili. Non sono previsti premi ex aequo. Le opere rimarranno di propriet\u00e0 degli artisti e delle artiste, tuttavia l\u2019Organizzazione potr\u00e0 utilizzarne le immagini per documentazione e promozione delle future edizioni.<\/p>\n<p class=\"p9\" style=\"text-align: justify;\"><strong>Art. 5 &#8211; ATTIVIT\u00c0 DEGLI ARTISTI E DELLE ARTISTE<\/strong><\/p>\n<p class=\"p10\" style=\"text-align: justify;\">La giornata di sabato 16 maggio 2026 sar\u00e0 dedicata alla realizzazione delle opere in estemporanea. Gli artisti iscritti all\u2019 estemporanea acquisiscono automaticamente il diritto di esporre per le giornate di sabato 16 e domenica 17 maggio 2026 in Piazza Garibaldi negli spazi indicati dall\u2019Organizzazione,<span class=\"s20\"><span class=\"Apple-converted-space\">&nbsp; <\/span><\/span>alcune<span class=\"s20\"><span class=\"Apple-converted-space\">&nbsp; <\/span><\/span>delle<span class=\"s20\"><span class=\"Apple-converted-space\">&nbsp; <\/span><\/span>proprie<span class=\"s20\"><span class=\"Apple-converted-space\">&nbsp; <\/span><\/span>opere<span class=\"s20\"><span class=\"Apple-converted-space\">&nbsp; <\/span><\/span>precedentemente<span class=\"s20\"><span class=\"Apple-converted-space\">&nbsp; <\/span><\/span>realizzate.<span class=\"s20\"><span class=\"Apple-converted-space\">&nbsp; <\/span><\/span>L\u2019orario<span class=\"s20\"><span class=\"Apple-converted-space\">&nbsp; <\/span><\/span>di esposizione quotidiano sar\u00e0 indicato dall\u2019Organizzazione. Cavalletti, trasporto, allestimento e smontaggio quotidiano sono a carico degli artisti. L\u2019opera realizzata in estemporanea ed in concorso (l\u2019unica che dovr\u00e0 essere lasciata in deposito) sar\u00e0 segnalata per la votazione popolare a cura dell\u2019Organizzazione.<\/p>\n<p class=\"p9\" style=\"text-align: justify;\"><strong>Art. 6 &#8211; RESPONSABILIT\u00c0<\/strong><\/p>\n<p class=\"p10\" style=\"text-align: justify;\">Il Comitato Pontino San Marco declina ogni responsabilit\u00e0 per eventuali furti, incendi o danni di qualsiasi natura alle opere, che potrebbero verificarsi durante le fasi della manifestazione. I partecipanti sono responsabili della custodia e della sorveglianza delle loro opere durante tutto lo svolgimento dell\u2019estemporanea e della rimozione delle stesse alla fine delle<span class=\"s23\"> due <\/span>giornate. Ogni eventuale richiesta di assicurazione deve essere sottoscritta dall\u2019artista stesso. In caso di avverse condizioni atmosferiche o per cause di forza maggiore l\u2019Organizzazione si riserva di modificare il presente regolamento o spostare le date.<\/p>\n<p class=\"p9\" style=\"text-align: justify;\"><strong>Art. 7 &#8211; CONSENSI<\/strong><\/p>\n<p class=\"p10\" style=\"text-align: justify;\">Ciascun artista iscritto autorizza espressamente il Comitato Pontino San Marco e l&#8217;Associazione Culturale Extra Factory, nonch\u00e9 i suoi rappresentanti legali, a trattare i dati personali trasmessi ai sensi della legge 675\/96 (legge sulla Privacy) e successive modifiche D.lgs.196\/2003 (codice Privacy), anche ai fini dell\u2019inserimento in banche dati gestite dalle persone suddette. Ogni partecipante alla manifestazione concede in maniera gratuita all\u2019Organizzazione, i diritti di riproduzione delle opere realizzate, al fine dell\u2019eventuale pubblicazione sul sito web e sui social dello<span class=\"s21\"><span class=\"Apple-converted-space\">&nbsp; <\/span><\/span>stesso<span class=\"s21\"><span class=\"Apple-converted-space\">&nbsp; <\/span><\/span>evento<span class=\"s21\"><span class=\"Apple-converted-space\">&nbsp; <\/span><\/span>e<span class=\"s21\"><span class=\"Apple-converted-space\">&nbsp; <\/span><\/span>delle<span class=\"s21\"><span class=\"Apple-converted-space\">&nbsp; <\/span><\/span>altre<span class=\"s21\"><span class=\"Apple-converted-space\">&nbsp; <\/span><\/span>forme<span class=\"s21\"><span class=\"Apple-converted-space\">&nbsp; <\/span><\/span>di<span class=\"s21\"><span class=\"Apple-converted-space\">&nbsp; <\/span><\/span>comunicazione,<span class=\"s21\"><span class=\"Apple-converted-space\">&nbsp; <\/span><\/span>promozione<span class=\"s21\"><span class=\"Apple-converted-space\">&nbsp; <\/span><\/span>e<span class=\"s21\"><span class=\"Apple-converted-space\">&nbsp; <\/span><\/span>attivit\u00e0 dell\u2019Organizzazione. Nel corso dell\u2019estemporanea, durante l\u2019esposizione delle opere e in occasione della premiazione,<span class=\"s1\"> anche in virt\u00f9 del photo contest collegato alla manifestazione, <\/span>sono autorizzate riprese per mezzo di videocamere<span class=\"s1\">, <\/span>macchine fotografiche e TV. L\u2019Organizzazione avr\u00e0 diritto di decisione arbitraria su tutto quanto non specificato nel presente bando e si riserva il diritto di apportare variazioni qualora se ne presenti la<span class=\"s1\"><span class=\"Apple-converted-space\">&nbsp; <\/span><\/span>necessit\u00e0.<span class=\"s1\"><span class=\"Apple-converted-space\">&nbsp; <\/span><\/span>L\u2019adesione<span class=\"s1\"><span class=\"Apple-converted-space\">&nbsp; <\/span><\/span>e<span class=\"s1\"><span class=\"Apple-converted-space\">&nbsp; <\/span><\/span>la<span class=\"s1\"><span class=\"Apple-converted-space\">&nbsp; <\/span><\/span>partecipazione<span class=\"s1\"><span class=\"Apple-converted-space\">&nbsp; <\/span><\/span>alla<span class=\"s1\"><span class=\"Apple-converted-space\">&nbsp; <\/span><\/span>manifestazione<span class=\"s1\"><span class=\"Apple-converted-space\">&nbsp; <\/span><\/span>implica<span class=\"s1\"><span class=\"Apple-converted-space\">&nbsp; <\/span><\/span>l\u2019accettazione incondizionata di tutti gli articoli del presente regolamento.<\/p>\n<p class=\"p13\" style=\"text-align: justify;\"><b> <\/b><span class=\"s29\"><b>SINTESI<\/b><\/span><\/p>\n<p class=\"p15\" style=\"text-align: justify;\">\u2022 quota iscrizione estemporanea 20,00 \u20ac<\/p>\n<p class=\"p15\" style=\"text-align: justify;\">\u2022 estemporanea sabato 16 maggio dalle ore 9 e domenica 17 maggio ( consegna entro le ore 12 )<\/p>\n<p class=\"p15\" style=\"text-align: justify;\">\u2022 premiazione domenica 17 maggio ore 18<\/p>\n<p class=\"p15\" style=\"text-align: justify;\">\u2022 il regolamento delle scuole superiori ha un documento a parte.<\/p>\n<h5 style=\"text-align: justify;\"><a href=\"https:\/\/garibaldisoloandata.it\/index.php\/iscriviti\/\" target=\"_blank\" rel=\"noopener\">Clicca qui per procedere alla pre-iscrizione (la quota potr\u00e0 essere versata direttamente sabato 16 maggio)<\/a><\/h5>\n<p>&nbsp;<\/p>\n","protected":false},"excerpt":{"rendered":"<p>Clicca qui per procedere alla pre-iscrizione (la quota di 20 \u20ac per la partecipazione potr\u00e0 essere versata direttamente sabato 16 maggio) [Scarica il bando in versione PDF] Art. 1 &#8211; LA MANIFESTAZIONE Il Comitato Pontino San Marco organizza la quinta edizione del Premio \u00abMontmartre- Garibaldi solo andata\u00bb, un concorso con premi per artiste e artisti, [&hellip;]<\/p>\n","protected":false},"author":1,"featured_media":0,"parent":0,"menu_order":0,"comment_status":"closed","ping_status":"closed","template":"","meta":{"_et_pb_use_builder":"","_et_pb_old_content":"","_et_gb_content_width":"","ngg_post_thumbnail":0,"footnotes":""},"class_list":["post-651","page","type-page","status-publish","hentry"],"yoast_head":"<!-- This site is optimized with the Yoast SEO plugin v27.3 - https:\/\/yoast.com\/product\/yoast-seo-wordpress\/ -->\n<title>ESTEMPORANEA 2026 - Montmartre-Garibaldi solo andata.<\/title>\n<meta name=\"robots\" content=\"index, follow, max-snippet:-1, max-image-preview:large, max-video-preview:-1\" \/>\n<link rel=\"canonical\" href=\"https:\/\/garibaldisoloandata.it\/index.php\/estemporanea-2025\/\" \/>\n<meta property=\"og:locale\" content=\"it_IT\" \/>\n<meta property=\"og:type\" content=\"article\" \/>\n<meta property=\"og:title\" content=\"ESTEMPORANEA 2026 - Montmartre-Garibaldi solo andata.\" \/>\n<meta property=\"og:description\" content=\"Clicca qui per procedere alla pre-iscrizione (la quota di 20 \u20ac per la partecipazione potr\u00e0 essere versata direttamente sabato 16 maggio) [Scarica il bando in versione PDF] Art. 1 &#8211; LA MANIFESTAZIONE Il Comitato Pontino San Marco organizza la quinta edizione del Premio \u00abMontmartre- Garibaldi solo andata\u00bb, un concorso con premi per artiste e artisti, [&hellip;]\" \/>\n<meta property=\"og:url\" content=\"https:\/\/garibaldisoloandata.it\/index.php\/estemporanea-2025\/\" \/>\n<meta property=\"og:site_name\" content=\"Montmartre-Garibaldi solo andata.\" \/>\n<meta property=\"article:modified_time\" content=\"2026-04-14T14:54:48+00:00\" \/>\n<meta name=\"twitter:card\" content=\"summary_large_image\" \/>\n<meta name=\"twitter:label1\" content=\"Tempo di lettura stimato\" \/>\n\t<meta name=\"twitter:data1\" content=\"6 minuti\" \/>\n<script type=\"application\/ld+json\" class=\"yoast-schema-graph\">{\"@context\":\"https:\\\/\\\/schema.org\",\"@graph\":[{\"@type\":\"WebPage\",\"@id\":\"https:\\\/\\\/garibaldisoloandata.it\\\/index.php\\\/estemporanea-2025\\\/\",\"url\":\"https:\\\/\\\/garibaldisoloandata.it\\\/index.php\\\/estemporanea-2025\\\/\",\"name\":\"ESTEMPORANEA 2026 - Montmartre-Garibaldi solo andata.\",\"isPartOf\":{\"@id\":\"https:\\\/\\\/garibaldisoloandata.it\\\/#website\"},\"datePublished\":\"2024-04-30T19:35:51+00:00\",\"dateModified\":\"2026-04-14T14:54:48+00:00\",\"breadcrumb\":{\"@id\":\"https:\\\/\\\/garibaldisoloandata.it\\\/index.php\\\/estemporanea-2025\\\/#breadcrumb\"},\"inLanguage\":\"it-IT\",\"potentialAction\":[{\"@type\":\"ReadAction\",\"target\":[\"https:\\\/\\\/garibaldisoloandata.it\\\/index.php\\\/estemporanea-2025\\\/\"]}]},{\"@type\":\"BreadcrumbList\",\"@id\":\"https:\\\/\\\/garibaldisoloandata.it\\\/index.php\\\/estemporanea-2025\\\/#breadcrumb\",\"itemListElement\":[{\"@type\":\"ListItem\",\"position\":1,\"name\":\"Home\",\"item\":\"https:\\\/\\\/garibaldisoloandata.it\\\/\"},{\"@type\":\"ListItem\",\"position\":2,\"name\":\"ESTEMPORANEA 2026\"}]},{\"@type\":\"WebSite\",\"@id\":\"https:\\\/\\\/garibaldisoloandata.it\\\/#website\",\"url\":\"https:\\\/\\\/garibaldisoloandata.it\\\/\",\"name\":\"Montmartre-Garibaldi solo andata.\",\"description\":\"Premio d&#039;Arte Livorno.\",\"potentialAction\":[{\"@type\":\"SearchAction\",\"target\":{\"@type\":\"EntryPoint\",\"urlTemplate\":\"https:\\\/\\\/garibaldisoloandata.it\\\/?s={search_term_string}\"},\"query-input\":{\"@type\":\"PropertyValueSpecification\",\"valueRequired\":true,\"valueName\":\"search_term_string\"}}],\"inLanguage\":\"it-IT\"}]}<\/script>\n<!-- \/ Yoast SEO plugin. -->","yoast_head_json":{"title":"ESTEMPORANEA 2026 - Montmartre-Garibaldi solo andata.","robots":{"index":"index","follow":"follow","max-snippet":"max-snippet:-1","max-image-preview":"max-image-preview:large","max-video-preview":"max-video-preview:-1"},"canonical":"https:\/\/garibaldisoloandata.it\/index.php\/estemporanea-2025\/","og_locale":"it_IT","og_type":"article","og_title":"ESTEMPORANEA 2026 - Montmartre-Garibaldi solo andata.","og_description":"Clicca qui per procedere alla pre-iscrizione (la quota di 20 \u20ac per la partecipazione potr\u00e0 essere versata direttamente sabato 16 maggio) [Scarica il bando in versione PDF] Art. 1 &#8211; LA MANIFESTAZIONE Il Comitato Pontino San Marco organizza la quinta edizione del Premio \u00abMontmartre- Garibaldi solo andata\u00bb, un concorso con premi per artiste e artisti, [&hellip;]","og_url":"https:\/\/garibaldisoloandata.it\/index.php\/estemporanea-2025\/","og_site_name":"Montmartre-Garibaldi solo andata.","article_modified_time":"2026-04-14T14:54:48+00:00","twitter_card":"summary_large_image","twitter_misc":{"Tempo di lettura stimato":"6 minuti"},"schema":{"@context":"https:\/\/schema.org","@graph":[{"@type":"WebPage","@id":"https:\/\/garibaldisoloandata.it\/index.php\/estemporanea-2025\/","url":"https:\/\/garibaldisoloandata.it\/index.php\/estemporanea-2025\/","name":"ESTEMPORANEA 2026 - Montmartre-Garibaldi solo andata.","isPartOf":{"@id":"https:\/\/garibaldisoloandata.it\/#website"},"datePublished":"2024-04-30T19:35:51+00:00","dateModified":"2026-04-14T14:54:48+00:00","breadcrumb":{"@id":"https:\/\/garibaldisoloandata.it\/index.php\/estemporanea-2025\/#breadcrumb"},"inLanguage":"it-IT","potentialAction":[{"@type":"ReadAction","target":["https:\/\/garibaldisoloandata.it\/index.php\/estemporanea-2025\/"]}]},{"@type":"BreadcrumbList","@id":"https:\/\/garibaldisoloandata.it\/index.php\/estemporanea-2025\/#breadcrumb","itemListElement":[{"@type":"ListItem","position":1,"name":"Home","item":"https:\/\/garibaldisoloandata.it\/"},{"@type":"ListItem","position":2,"name":"ESTEMPORANEA 2026"}]},{"@type":"WebSite","@id":"https:\/\/garibaldisoloandata.it\/#website","url":"https:\/\/garibaldisoloandata.it\/","name":"Montmartre-Garibaldi solo andata.","description":"Premio d&#039;Arte Livorno.","potentialAction":[{"@type":"SearchAction","target":{"@type":"EntryPoint","urlTemplate":"https:\/\/garibaldisoloandata.it\/?s={search_term_string}"},"query-input":{"@type":"PropertyValueSpecification","valueRequired":true,"valueName":"search_term_string"}}],"inLanguage":"it-IT"}]}},"_links":{"self":[{"href":"https:\/\/garibaldisoloandata.it\/index.php\/wp-json\/wp\/v2\/pages\/651","targetHints":{"allow":["GET"]}}],"collection":[{"href":"https:\/\/garibaldisoloandata.it\/index.php\/wp-json\/wp\/v2\/pages"}],"about":[{"href":"https:\/\/garibaldisoloandata.it\/index.php\/wp-json\/wp\/v2\/types\/page"}],"author":[{"embeddable":true,"href":"https:\/\/garibaldisoloandata.it\/index.php\/wp-json\/wp\/v2\/users\/1"}],"replies":[{"embeddable":true,"href":"https:\/\/garibaldisoloandata.it\/index.php\/wp-json\/wp\/v2\/comments?post=651"}],"version-history":[{"count":28,"href":"https:\/\/garibaldisoloandata.it\/index.php\/wp-json\/wp\/v2\/pages\/651\/revisions"}],"predecessor-version":[{"id":811,"href":"https:\/\/garibaldisoloandata.it\/index.php\/wp-json\/wp\/v2\/pages\/651\/revisions\/811"}],"wp:attachment":[{"href":"https:\/\/garibaldisoloandata.it\/index.php\/wp-json\/wp\/v2\/media?parent=651"}],"curies":[{"name":"wp","href":"https:\/\/api.w.org\/{rel}","templated":true}]}}